{"id":34,"date":"2022-09-24T19:13:11","date_gmt":"2022-09-24T19:13:11","guid":{"rendered":"http:\/\/iletaitunefoisuneecole.com\/?page_id=34"},"modified":"2022-10-08T00:10:14","modified_gmt":"2022-10-08T00:10:14","slug":"about-us","status":"publish","type":"page","link":"http:\/\/iletaitunefoisuneecole.com\/index.php\/about-us\/","title":{"rendered":"Contact"},"content":{"rendered":"<p><span style=\"color: #000000;\"><strong>YouTube :<\/strong> <a style=\"color: #000000;\" href=\"https:\/\/www.youtube.com\/channel\/UCVnhpJ_K6rYiihv-x4VLUJA\/featured\" target=\"_blank\" rel=\"noopener\">Il \u00e9tait une fois une \u00e9cole&#8230;<\/a><\/span><\/p>\n<p><span style=\"color: #000000;\"><strong>Facebook :<\/strong> <a style=\"color: #000000;\" href=\"https:\/\/www.facebook.com\/Il-\u00e9tait-une-fois-une-\u00e9cole-100688689370987\" target=\"_blank\" rel=\"noopener\">Il \u00e9tait une fois une \u00e9cole<\/a><\/span><\/p>\n<p><span style=\"color: #000000;\"><strong>Instagram :<\/strong> <a style=\"color: #000000;\" href=\"https:\/\/www.instagram.com\/iletaitunefoisuneecole\/?next=%2F\" target=\"_blank\" rel=\"noopener\">Il \u00e9tait une fois une \u00e9cole&#8230;<\/a><\/span><\/p>\n<p><span style=\"color: #000000;\"><strong>Email :<\/strong> <a style=\"color: #000000;\" href=\"mailto:iletaitunefoisuneecole@gmail.com\" target=\"_blank\" rel=\"noopener\">iletaitunefoisuneecole@gmail.com<\/a><\/span><\/p>\n","protected":false},"excerpt":{"rendered":"<p>YouTube : Il \u00e9tait une fois une \u00e9cole&#8230; Facebook : Il \u00e9tait une fois une&#8230;<\/p>\n<div class=\"more-link-wrapper\"><a class=\"more-link\" href=\"http:\/\/iletaitunefoisuneecole.com\/index.php\/about-us\/\">Read the post<span class=\"screen-reader-text\">Contact<\/span><\/a><\/div>\n","protected":false},"author":1,"featured_media":0,"parent":0,"menu_order":0,"comment_status":"closed","ping_status":"closed","template":"","meta":{"om_disable_all_campaigns":false,"_monsterinsights_skip_tracking":false,"_monsterinsights_sitenote_active":false,"_monsterinsights_sitenote_note":"","_monsterinsights_sitenote_category":0,"_themeisle_gutenberg_block_has_review":false,"footnotes":""},"aioseo_notices":[],"_links":{"self":[{"href":"http:\/\/iletaitunefoisuneecole.com\/index.php\/wp-json\/wp\/v2\/pages\/34"}],"collection":[{"href":"http:\/\/iletaitunefoisuneecole.com\/index.php\/wp-json\/wp\/v2\/pages"}],"about":[{"href":"http:\/\/iletaitunefoisuneecole.com\/index.php\/wp-json\/wp\/v2\/types\/page"}],"author":[{"embeddable":true,"href":"http:\/\/iletaitunefoisuneecole.com\/index.php\/wp-json\/wp\/v2\/users\/1"}],"replies":[{"embeddable":true,"href":"http:\/\/iletaitunefoisuneecole.com\/index.php\/wp-json\/wp\/v2\/comments?post=34"}],"version-history":[{"count":15,"href":"http:\/\/iletaitunefoisuneecole.com\/index.php\/wp-json\/wp\/v2\/pages\/34\/revisions"}],"predecessor-version":[{"id":260,"href":"http:\/\/iletaitunefoisuneecole.com\/index.php\/wp-json\/wp\/v2\/pages\/34\/revisions\/260"}],"wp:attachment":[{"href":"http:\/\/iletaitunefoisuneecole.com\/index.php\/wp-json\/wp\/v2\/media?parent=34"}],"curies":[{"name":"wp","href":"https:\/\/api.w.org\/{rel}","templated":true}]}}